16
-2ad663
Convert 16c8c9 (base 16) to base 5.
340240233
-23810b0 (base 13) to base 10
-10998325
-86631 (base 9) to base 14
-16ca4
-91427 (base 10) to base 16
-16523
Convert -200b45a (base 12) to base 11.
-342265a
What is 321454 (base 7) in base 9?
84481
What is 12243334322 (base 5) in base 10?
14824337
What is 2c4b2 (base 13) in base 7?
500536
What is -176076 (base 9) in base 11?
-75232
Convert -21221311 (base 4) to base 3.
-2000020111
322884 (base 9) to base 16
2efc3
What is 3105713 (base 8) in base 12?
3379a3
Convert -10000111111011101001 (base 2) to base 12.
-22a261
Convert -34201310 (base 5) to base 2.
-1001010000011100010
What is 11203024130 (base 5) in base 11?
70a0aa8
What is -21003022233 (base 4) in base 2?
-1001000011001010101111
Convert -6ef53 (base 16) to base 7.
-3602011
What is -135713 (base 8) in base 16?
-bbcb
Convert -274311 (base 8) to base 11.
-66519
-142e5 (base 16) to base 4
-110023211
Convert -24144 (base 10) to base 8.
-57120
Convert 3875d8 (base 14) to base 5.
444104203
35144203 (base 6) to base 13
2c09b5
What is 1510603 (base 7) in base 13?
72049
What is -10234422 (base 5) in base 11?
-5a296
Convert 13b84b (base 13) to base 4.
1311303332
Convert -22022001111002 (base 3) to base 6.
-234305002
What is -103521 (base 6) in base 3?
-102211011
-23bb6cb (base 13) to base 16
-a97ac8
What is -780d (base 14) in base 16?
-5135
What is 21443641 (base 7) in base 6?
103300011
What is -100010000011000000101 (base 2) in base 12?
-459771
-1001100101111010000001 (base 2) to base 16
-265e81
1001011110011111101101 (base 2) to base 4
21132133231
Convert 10122202110 (base 3) to base 2.
10001100100111010
What is -214425103 (base 6) in base 15?
-513d3c
-155300 (base 13) to base 10
-525590
Convert -2002120201012 (base 3) to base 13.
-2ccbc4
Convert 366c10 (base 13) to base 12.
528704
What is -763232 (base 10) in base 8?
-2722540
45266565 (base 7) to base 16
3c0273
-3575713 (base 8) to base 2
-11101111101111001011
-4060c (base 15) to base 7
-1506231
Convert -17654820 (base 9) to base 2.
-100001111011010100101001
Convert -39117 (base 12) to base 9.
-127801
a529a (base 13) to base 15
5d040
What is -811023 (base 13) in base 5?
-1232014011
Convert 587848 (base 10) to base 13.
177751
What is 1562342 (base 11) in base 3?
12000112102221
1364200 (base 12) to base 6
214453200
Convert 92720 (base 11) to base 7.
1102314
Convert -12041040 (base 5) to base 14.
-2cb76
-120020100121110 (base 3) to base 6
-445312450
Convert 1001001201 (base 4) to base 7.
2156331
-350700 (base 8) to base 14
-31648
Convert -1112202022 (base 3) to base 11.
-20960
62570 (base 11) to base 8
262066
Convert -100332123200 (base 4) to base 6.
-235213532
-437844 (base 12) to base 16
-1056f4
-507162 (base 8) to base 6
-3331350
What is 11133301 (base 4) in base 7?
122431
What is 18044 (base 14) in base 13?
21674
What is 10411656 (base 7) in base 5?
212100400
What is -412409 (base 12) in base 16?
-f90c9
What is -203140 (base 15) in base 14?
-2bb3ba
What is -20846 (base 14) in base 8?
-231176
Convert 16734173 (base 9) to base 14.
118c064
What is -14205305 (base 6) in base 7?
-4052024
What is 2200043032 (base 5) in base 8?
21710730
What is 104153125 (base 6) in base 15?
2725d2
What is -751940 (base 11) in base 7?
-13140236
What is f68d2 (base 16) in base 3?
1220022021202
-33077764 (base 8) to base 13
-161c6a8
Convert 130006461 (base 7) to base 14.
1146131
What is 23544331 (base 8) in base 2?
10011101100100011011001
What is -10530524 (base 7) in base 15?
-1311ce
What is 13535225 (base 7) in base 5?
311111220
What is a05483 (base 12) in base 14?
490307
What is -c09f2 (base 16) in base 2?
-11000000100111110010
Convert -10658a (base 11) to base 15.
-35460
4c1c37 (base 13) to base 9
3402240
What is -a5a21 (base 11) in base 5?
-14414143
448666 (base 9) to base 16
41a12
What is 4103403242 (base 5) in base 3?
120112210122002
-104503353 (base 6) to base 16
-1d14f5
1035245 (base 9) to base 4
2013133130
Convert -3164e (base 16) to base 14.
-53a34
-2a803 (base 11) to base 4
-22220223
Convert -5037324 (base 11) to base 10.
-8911434
-63724 (base 10) to base 12
-30a64
-652238 (base 9) to base 10
-388754
-10011101011110 (base 2) to base 8
-23536
-20012220112 (base 3) to base 15
-26405
Convert 1770007 (base 9) to base 12.
3b93ba
Convert 50d7 (base 16) to base 7.
114223
Convert 285764 (base 13) to base 6.
33024232
What is -9614a8 (base 13) in base 15?
-496bae
-23443534 (base 6) to base 8
-2637322
Convert -3f3de2 (base 16) to base 9.
-7716302
Convert -66666011 (base 7) to base 9.
-11755322
Convert 253026 (base 8) to base 2.
10101011000010110
Convert 1abde7 (base 16) to base 14.
338983
-45051 (base 13) to base 14
-33939
-b58c (base 14) to base 4
-13220320
20aec2 (base 15) to base 7
16136645
What is -45554 (base 11) in base 2?
-10000000101011011
What is -100111000001001010 (base 2) in base 11?
-aa08a
What is 7b155 (base 14) in base 2?
1001001000101100111
-11001011110001011100010 (base 2) to base 5
-3202132333
Convert 18765b (base 14) to base 9.
1558356
What is 21113031130 (base 4) in base 3?
11121200202101
Convert -23434140 (base 7) to base 6.
-112254413
122333 (base 11) to base 16
2f372
Convert -6984 (base 13) to base 15.
-45c6
101001101110100110 (base 2) to base 3
22200110022
Convert -36bb2 (base 12) to base 7.
-426413
What is -3b99a (base 12) in base 10?
-82630
Convert 46061 (base 7) to base 5.
333310
What is 162215 (base 7) in base 6?
404105
Convert -7bb29 (base 15) to base 3.
-202000111010
Convert 1069a0 (base 13) to base 6.
12135342
What is -9c487 (base 13) in base 10?
-284200
What is -682ba (base 12) in base 14?
-38770
Convert 1264447 (base 8) to base 6.
11333355
Convert 32512535 (base 7) to base 13.
76a56a
What is 53124510 (base 6) in base 3?
2220210122220
Convert 4428ca (base 13) to base 9.
3016077
100011101000101010101 (base 2) to base 7
12632243
Convert -3d860d (base 15) to base 12.
-bab771
What is 5125154 (base 7) in base 2?
10010101010101001001
-1a7a4 (base 15) to base 9
-141101
What is -6c0908 (base 14) in base 3?
-20221110022212
What is -101011101101101000101 (base 2) in base 12?
-590b19
-110100011000100010010 (base 2) to base 10
-1716498
5572062 (base 8) to base 13
40892b
-15817808 (base 9) to base 4
-132032302112
What is -168a6a8 (base 15) in base 11?
-9282994
Convert 200331 (base 9) to base 8.
347141
What is 100000000003 (base 4) in base 10?
4194307
What is -40d369 (base 14) in base 9?
-4103801
What is -12111111 (base 6) in base 4?
-1131121303
-11011101 (base 4) to base 14
-782d
What is -64640 (base 9) in base 11?
-2a183
-3327220 (base 8) to base 2
-11011010111010010000
490294 (base 10) to base 3
220220120001
What is -4441160 (base 7) in base 4?
-2011300112
-204333101 (base 5) to base 13
-23c471
What is 909600 (base 14) in base 6?
252145040
-11003013 (base 4) to base 5
-1130204
Convert -24134410 (base 5) to base 16.
-36c63
-abe58 (base 16) to base 5
-140012323
Convert -11010101111001100 (base 2) to base 5.
-12001031
Convert 2067475 (base 8) to base 12.
227a79
What is -46026 (base 11) in base 6?
-1232122
111555533 (base 8) to base 14
27d0271
Convert -261dd (base 16) to base 8.
-460735
-23112311 (base 4) to base 6
-555205
What is 122233033030 (base 4) in base 8?
32571714
-111100010000000 (base 2) to base 7
-155636
90a53 (base 12) to base 9
316050
What is 11223304 (base 8) in base 16?
2526c4
Convert -ab32a (base 12) to base 11.
-145473
23232003 (base 5) to base 16
33a2f
1b5830 (base 15) to base 16
145eba
1411665 (base 7) to base 9
315746
Convert -577262 (base 8) to base 10.
-196274
-14343042 (base 5) to base 7
-1204523
Convert 1613c80 (base 14) to base 12.
37512a0
Convert 699065 (base 10) to base 11.
438244
Convert -4b45bd (base 15) to base 7.
-42451246
14713b2 (base 12) to base 2
1111101111111111110110
Convert -63189 (base 15) to base 9.
-528033
Convert -200010022110120 (base 3) to base 7.
-144602115
-500994 (base 10) to base 16
-7a502
-38646 (base 11) to base 10
-55347
What is -4b0119 (base 12) in base 5?
-303123324
Convert -41207b (base 12) to base 6.
-33504235
What is 31107 (base 9) in base 15?
611a
331607 (base 13) to base 14
23448c
What is -101002231100 (base 4) in base 2?
-10001000010101101010000
What is -121103 (base 8) in base 7?
-232051
What is -121031310 (base 4) in base 6?
-211410